 - 0)*(-5)/(-1). What are the prime factors of (-2)/g + (-74)/(-10)?
7
Suppose 0 = 2*j - 32 + 208. Let b be (-3)/(-9) - j/6. Let f = -10 + b. What are the prime factors of f?
5
Let w(g) = -4*g - 1. List the prime factors of w(-6).
23
Let g = -37 + 64. List the prime factors of g.
3
Let r = 12 + -22. Let q = r - -1. What are the prime factors of (14/(-3))/(6/q)?
7
List the prime factors of ((-434)/(-4))/(3/6).
7, 31
List the prime factors of 8 + 1 + 7 + -5.
11
Suppose 0*x + 3*x + 3*l = -42, -2*x - 4*l = 38. Let d = 34 - x. What are the prime factors of d?
43
Let k = -2 - -5. Let h = 12 + k. What are the prime factors of h?
3, 5
Let l(i) = -i**2 + 5*i + 6. Let c be l(6). List the prime factors of (-26 + c)/(2/(-1)).
13
Let y = -98 - -226. List the prime factors of y.
2
Let o be 2/8 - (-15)/4. What are the prime factors of (6 + 28)*2/o?
17
Suppose 4*t - 30 = -3*k, 3*t = k + 4*k + 8. Let a = -3 - -7. Let s = t - a. List the prime factors of s.
2
Suppose 2*l - 7*l = 35. Suppose -4*f - 16 = 0, -2*h - 4*f + 6 = -0*f. Let y = h + l. What are the prime factors of y?
2
Let q(v) be the first derivative of -37*v**2/2 - 2*v - 6. List the prime factors of q(-1).
5, 7
Let q(w) = -48*w. Let c(k) = -5*k - 2*k + 0*k. Let p(s) = -40*c(s) + 6*q(s). What are the prime factors of p(-1)?
2
Let p(b) = 3*b**2 + 2. Let r be p(3). What are the prime factors of (-2)/(-2)*(0 + r)?
29
Let r(j) = j**3 + 5*j**2 + 3*j - 1. Let n be r(-4). Let p be 5 - (n - (-3 + 5)). Suppose -p*m = -0*m - 4*t - 92, 4*t = m - 35. What are the prime factors of m?
19
Suppose 4*q - 25 = -37. Let j(r) = r**3 + 3*r**2 - 6*r - 5. List the prime factors of j(q).
13
Let w = 13 + -9. Suppose w*g = 5*c - 86, -5*c - 2*g + 43 + 49 = 0. What are the prime factors of c?
2, 3
Let d(s) = -s - 2. Let w = 1 - 6. Let i be d(w). Suppose 1 = -i*x + 10. What are the prime factors of x?
3
Suppose -3 = -4*w + 5. Let a be w/3 - (-20)/6. Suppose 0 = -a*x + 6 + 18. What are the prime factors of x?
2, 3
Let i be (-558)/(-12)*(-8)/6. Let w = i - -31. Let c = 45 + w. List the prime factors of c.
2, 7
Suppose 3*t = -0*t + 3. What are the prime factors of 1/t - (3 - 4)?
2
Let h be 6 - (1 + 0 - -2). Suppose -3*k - 15 = -6*k - 5*y, 4*y = h*k - 42. What are the prime factors of k?
2, 5
Let r(d) = d**3 - 3*d**2 - 2*d + 5. Suppose -31 = 3*x + 5*a, 2*a - a = -5. Let n = x - -6. List the prime factors of r(n).
13
Let v = 5 - 7. Let z = v - -7. What are the prime factors of z?
5
Let d = 462 + -197. What are the prime factors of d?
5, 53
Let i be (-8)/(-1) - (-14)/7. Let y be 6/(-15) - (-144)/i. Suppose -d + y = 3*d + o, d + 2*o - 7 = 0. What are the prime factors of d?
3
Suppose -5*a - 1 - 4 = 0. List the prime factors of a*(2 - 3)*3.
3
Let o(a) be the third derivative of a**5/60 + a**4/12 - a**3/6 + a**2. What are the prime factors of o(-4)?
7
Let f(j) be the third derivative of 1/4*j**4 + 0 - 1/60*j**5 + 2/3*j**3 - 2*j**2 + 0*j. List the prime factors of f(5).
3
Let z(w) = w**2 - 8*w. Let j = -4 - -12. Let x be z(j). Let g = 4 + x. List the prime factors of g.
2
Let l be 2*((-15)/(-6) - 3). List the prime factors of ((-8)/(-6))/(l/(-3)).
2
Let t(v) = -v - 2. Let f be t(-4). Let k = f + 8. What are the prime factors of k?
2, 5
Let f(s) = 3*s + 11. Suppose 10 - 4 = -3*h. Let t(z) = z. Let x(y) = h*t(y) + f(y). List the prime factors of x(-9).
2
Let r(h) = 11*h - 5. What are the prime factors of r(4)?
3, 13
Let b(z) = -z**2 + 6*z + 1. Let n be b(7). Let g = n - -28. List the prime factors of g.
2, 11
Let l = 3 - 0. Let i = 0 + l. List the prime factors of i.
3
Let k be 2/(-9) - (-80)/36. Let f = 8 + k. List the prime factors of f - (1 - (1 - -2)).
2, 3
Let h(s) = s**3 + 7*s**2 - 9*s + 4. Let w = 12 + -7. Suppose -3*t + 8*t + 30 = w*z, 4*t - 5*z + 22 = 0. What are the prime factors of h(t)?
2, 3
List the prime factors of (377/(-52))/(2/(-8)).
29
Let v(h) = -h**2 + 16*h + 7. What are the prime factors of v(7)?
2, 5, 7
Suppose 166 = -6*j + 8*j. Suppose j = 5*k - 2*f, 2*k + 2*f = 3*f + 33. What are the prime factors of k?
17
Let f(n) = 3*n + 5. Let c(x) = x - 3. Let s be c(9). List the prime factors of f(s).
23
Let g be -1*1 - (-4 + 2). Let i = g - -3. Suppose 0 = -3*s - m + 20, 0*m = i*m + 16. What are the prime factors of s?
2
Let o(p) = p**2 - 9*p - 7. Let t be o(10). Suppose t + 11 = x. What are the prime factors of x?
2, 7
Let u = -14 + 89. What are the prime factors of u?
3, 5
Suppose -b + 9 + 3 = 0. Let z be -2*(0 + 13/(-2)). Suppose -b = -5*f + z. List the prime factors of f.
5
Suppose 2*t - 6*t = 32. Let q = 6 + t. List the prime factors of q/5 - 248/(-20).
2, 3
Suppose -6*y + 2*y - 2*p = -108, 4*p = 5*y - 135. Let z = y - 11. What are the prime factors of z?
2
Let s(t) = -t**2 + t + 3. Let x be (-5)/2*(-8)/10. Suppose -x*y - 3*y = 0. List the prime factors of s(y).
3
Let s be 0 - -1 - 56/2. What are the prime factors of (-6)/27 - 141/s?
5
Let h = -8 + 6. Suppose 0 = -4*c + 6*c. List the prime factors of h + 8*(c - -1).
2, 3
What are the prime factors of 33*(0 + 1) - 0?
3, 11
Suppose -16 = 5*v - 156. What are the prime factors of v?
2, 7
Suppose 15 = 3*z - 3*b, 0 = z + 3*b - b + 1. Suppose -4*n - z*f = -50, 3*n + f + f - 37 = 0. List the prime factors of n.
11
Let o(y) = y**2 - 4*y + 5. Let r be o(6). Let w = -12 + r. Suppose w*n + 21 = 3*a, -2*a + a - 1 = n. What are the prime factors of a?
2
Suppose 0 = 2*r + t, 0*r - 4*t = -2*r + 20. Suppose 4 = -0*p - r*p. List the prime factors of p/2 - 12/(-1).
11
Suppose 2*z - 6 = 2. Let o = z + 1. Suppose 4*w = 5*c - 31, -3*w + 19 = 3*c - o. List the prime factors of c.
7
Let o(d) = d**2 - 10*d + 13. Let a be o(9). What are the prime factors of a/6*3/1?
2
Let p(r) = -2*r + 9. List the prime factors of p(-7).
23
Let y(w) = -w**3 + 16. Let f be 1*(-1 + -3 + 4). List the prime factors of y(f).
2
Let n = -27 + 51. List the prime factors of n.
2, 3
Let u = -12 + 17. Suppose u*j + 3*t - 15 = 4*j, -4*j - t = -71. What are the prime factors of j?
2, 3
Let o(m) = 3*m**2 + m - 1. Let z be o(1). Suppose g = 4*g - z. What are the prime factors of (-120)/(-9) - g/3?
13
Suppose -4*h = -20, 111 = 5*l + 3*h + 31. Suppose 3*c + l = 3*w - 2*c, 0 = w + c + 1. List the prime factors of ((-7)/2)/(w/(-2)).
7
Let r(w) = 2 + 2*w**2 - 4*w**2 + w + 3*w**2. List the prime factors of r(3).
2, 7
Let y = 1126 - 744. List the prime factors of y.
2, 191
Suppose 0 = 2*j + 1 - 5. Let t be (j/(-4))/(5/(-10)). Suppose -t = y - 5. What are the prime factors of y?
2
Let q = -1 + 4. Suppose -q*b + c = -22, -b + 2*c + 2 + 2 = 0. What are the prime factors of b?
2
Let c = 55 + -13. List the prime factors of c.
2, 3, 7
Let c = -70 - -116. List the prime factors of c.
2, 23
Suppose 0 = -7*b + 2*b + 35. List the prime factors of b.
7
Suppose -2*w - 16 - 26 = 0. Let q = -7 - w. What are the prime factors of q?
2, 7
Let z = 18 + -10. Let d(c) = -c + 10. Let v be d(z). Suppose -3*l + 7 = 5*u - 9, 0 = -4*l + v*u + 4. What are the prime factors of l?
2
Let u(g) = 2*g - 1. Let r be u(2). Let j(l) = 2*l**2 + 4*l - 3. List the prime factors of j(r).
3
Let g(c) = -c**3 - 11*c**2 - 11*c - 5. Let t(d) = 3*d + 8. Let i be t(-6). What are the prime factors of g(i)?
5
Suppose 5*w - 98 = 177. List the prime factors of w.
5, 11
Let u be 13/1 - (-2 - -4). Suppose -2*m - 3*o + 4 = -u, -5*o + 25 = 4*m. Suppose l + 3*l - 16 = m. What are the prime factors of l?
2
Suppose -88 = -7*a + 381. List the prime factors of a.
67
Let n be (-3)/((-3)/5)*1. Let y be 14/(-18)*(6 + -3)*-3. Suppose -22 = n*j - y, -3*j = 4*p - 19. List the prime factors of p.
7
Let d = -19 + 9. Let v = d - -24. What are the prime factors of v?
2, 7
Suppose 3*i - 4*h - 32 = 0, i - 5 + 3 = -3*h. Suppose i*n - 275 = 3*n. What are the prime factors of n?
5, 11
Suppose 2*y = 3*k - 244, 146 + 12 = 2*k + y. Let t be (k - -2)*2/4. Suppose 5*d + 16 - t = 0. List the prime factors of d.
5
Let f(w) = -23*w + 4. Let d be f(-6). Suppose d = 4*i - 3*h, -47 = -3*i - 5*h + 45. List the prime factors of i.
2, 17
Suppose 0 = n - 1 - 1. Suppose -n*g - 49 = -169. Suppose -l - 4*c = 3*l - 80, 5*c - g = -3*l. List the prime factors of l.
2, 5
Suppose -10*j + 50 = -9*j. List the prime factors of j.
2, 5
Suppose 0 = p, 0*p - 2*p = -g - 32. Let u(q) = q**2 - 9*q - 6. Let t be u(7). Let a = t - g. What 